 3, -y + 5*c = 19. Calculate the remainder when 1 is divided by y.
0
Suppose -2*t = -4*q - 16 - 52, -4*t + q = -115. Calculate the remainder when t is divided by 15.
13
Let r(z) = -51*z**3 - 4*z**2 - 2*z. What is the remainder when r(-1) is divided by 16?
1
Calculate the remainder when 25*1/(3 + -2)*1 is divided by 17.
8
Let z(d) = d**2 - 6*d + 11. Let t be (-1)/(3*1/42). Calculate the remainder when 4/t + (-284)/(-14) is divided by z(6).
9
Let k = -6 + 17. Let s = k + -42. Let x = 42 + s. What is the remainder when 18 is divided by x?
7
Let w be 2981/143 + 4/26. Let v = w + -13. What is the remainder when 30 is divided by v?
6
Suppose 63*q - 832 + 13 = 0. What is the remainder when 310 is divided by q?
11
Suppose 76 = 3*x + 4*n + 9, -2*n = -5*x + 77. Calculate the remainder when x is divided by 138/30 - (7 + 296/(-40)).
2
Suppose -75 = -4*y + c, 2*y + 2*c - 23 - 17 = 0. What is the remainder when 35 is divided by y?
16
Let r(j) = 6*j**2 + 6*j + 152. Calculate the remainder when r(-7) is divided by 17.
13
Let h = 56 - -4. Suppose 5*q = 617 - 82. Let z = q - h. Calculate the remainder when z is divided by 12.
11
Suppose 2*v = v. Suppose -f - 4*f + 285 = v. What is the remainder when f is divided by 15?
12
Suppose d + 4*a - 26 = 0, -4*d + 68 = a + 3*a. Suppose -d = -3*p - 4*b, 3*b - 21 = -2*p - 2*p. What is the remainder when 10 is divided by p?
4
Let k(w) = 2*w**2 - 10*w. Let j be k(5). Let r(u) = u + 49. Calculate the remainder when r(j) is divided by 17.
15
Calculate the remainder when 1*85 - ((-3)/(-3) - 3) is divided by 15.
12
Let u(s) = s + 7. Let j be u(-2). Suppose -3*g + 4*m + 77 = 0, 2*g - 2*m - j = 45. Calculate the remainder when g is divided by 13.
10
Suppose 2*h - 3*h = 2*x - 59, 2*h - 3*x = 83. Calculate the remainder when h is divided by (-2)/(-1 - (-25)/27).
22
Suppose -6*z + 5*n - 358 = -8*z, 5*n + 338 = 2*z. What is the remainder when z is divided by 60?
54
Let k be -2 + (-2 - -7) + 62. Let o = k + -36. What is the remainder when 55 is divided by o?
26
Suppose 3*m = 1945 - 763. What is the remainder when m is divided by 12?
10
Let w = 2885 - 2872. What is the remainder when (-2)/7 - 718/(-14) is divided by w?
12
Let k(v) = v**3 + 9*v**2 + 7*v + 3. Let d be 0 - -2 - 0 - 8. What is the remainder when k(-7) is divided by 13 + (-2)/d*3?
10
Suppose 0 = 3*f - 0*j - 4*j + 2, -2*j = -5*f + 6. Suppose 0*p = 4*p - 228. What is the remainder when p is divided by 2*((-10)/(-4))/(f/8)?
17
Let m = 8 - 5. Let t(u) = 2*u**3 + 4*u**2 - 3*u + 1. What is the remainder when t(m) is divided by 2 + (-76 - 2)/(-3)?
26
Let w = 64 + -108. Let d = -38 - w. Suppose 0 = m - 14 - d. Calculate the remainder when 59 is divided by m.
19
Suppose -3*o + h + 46 = 0, 7*h - 2*h + 6 = -o. Let t be (7/o)/(2/20). Suppose 6 = y + 5*d - 4, 10 = y - t*d. What is the remainder when 17 is divided by y?
7
Suppose 0 = 2*n - 4*r - 9 - 15, -4*n = 3*r - 59. What is the remainder when 9 is divided by (-6)/(-7)*n/4?
0
Let y be (-108)/63*14/(-4). What is the remainder when (-1 + 4)*80/y is divided by (-916)/(-44) - ((-9)/(-11) - 1)?
19
Let n(x) = -8*x - 16. What is the remainder when n(-7) is divided by 26?
14
Suppose -5*r + r + 5*p = -44, r = -2*p - 2. What is the remainder when r/4*154/33 is divided by 3?
1
Let d(z) = -119*z - 2. Let o be d(-1). Let q be -4 - o/(3/1). Let w = 70 + q. What is the remainder when w is divided by 6?
3
Let k be (-1)/2 + (-36)/(-8) + 1. Calculate the remainder when 1221/15 + 0 + (-2)/k is divided by 17.
13
Suppose -59 + 13 = w. Let g = -39 - w. What is the remainder when 27 is divided by g?
6
Suppose 41 = 2*j - 4*x - 77, 0 = 3*j + 2*x - 201. What is the remainder when j is divided by 21?
2
Suppose -2*d + 36 + 36 = 3*a, 0 = d + 3. Suppose 0 = b + a - 36. What is the remainder when b is divided by 4?
2
Suppose x + d - 2*d = 11, -5*d - 34 = -2*x. Suppose x*o - 10*o = -27. What is the remainder when o is divided by 8?
1
Let l = -477 + 595. What is the remainder when l is divided by 30?
28
Let s be 21 + 2*(-2)/4. Suppose 4 = 4*g + s. Calculate the remainder when (g/(-5))/(2/150) is divided by 21.
18
Let d = 3164 - 3157. What is the remainder when 221 is divided by d?
4
Let z(f) = -2*f + 6 + 3*f - 4 - 2*f. Let r be 1/4 + (-7)/28. Calculate the remainder when z(r) is divided by 2.
0
Suppose 2*g + 276 = 14*g. Calculate the remainder when 88 is divided by g.
19
Suppose 4*l - 5 = 3*l. Suppose 0 = l*k - 73 - 137. What is the remainder when k is divided by 22?
20
Let y be -2 + (-3)/((-12)/104). Let n be y + ((-2)/2 - -2). Calculate the remainder when n/(-15)*(-12)/10 is divided by 2.
0
What is the remainder when 146 is divided by 1/4 - 393/(-12)?
14
Let v(q) = -7*q**3 + 3*q**2 - q - 1. Let p be v(1). Calculate the remainder when (0 - 1/2)*-54 is divided by ((-1)/((-2)/p))/((-9)/21).
6
Suppose 5*i = i + 52. Suppose i*g - 16 = 12*g. Calculate the remainder when (31/(-4))/((-1)/4) is divided by g.
15
Let w(t) = -12*t**3 + 3*t**2 + 2*t - 8. What is the remainder when w(-3) is divided by 188?
149
Suppose 5*q = 32 + 18. Suppose 3 = a, -17*t + 3*a + 63 = -14*t. Calculate the remainder when t is divided by q.
4
Let y = -574 + 621. Let z(c) = 3*c**3 - c**2 + 3*c - 1. What is the remainder when y is divided by z(2)?
22
Let j(v) = -v**3 - 10*v**2 - 11*v + 6. Suppose 5 = -4*q - r + 3, -3*q - 9 = -3*r. Let o = 14 + q. Calculate the remainder when j(-9) is divided by o.
11
Let o = 533 + -393. Calculate the remainder when o is divided by 48.
44
Calculate the remainder when (1 - (-156 - 1))/(65 - 63) is divided by 65.
14
What is the remainder when 1648 is divided by 3 + -9 + -3 + 31?
20
Let k = -34 + 36. Suppose -30 = -3*u + k*u. What is the remainder when 89 is divided by u?
29
Suppose -t + n + 1 - 2 = 0, 4*t - 3*n = -8. Suppose 2*d - 3*p + 30 + 4 = 0, -20 = -5*p. Let w = t - d. Calculate the remainder when 10 is divided by w.
4
Let g(z) be the third derivative of z**5/20 - z**4/8 + 17*z**3/6 - 3*z**2. What is the remainder when g(5) is divided by 8?
5
Suppose 0 = 5*u - 2*u - 51. Let w be (-2 + 1 - -27)/2. Let p = 61 - w. What is the remainder when p is divided by u?
14
Suppose -2*c + r + 41 + 17 = 0, -5*c = r - 159. Suppose 37 = 5*d - 2*g - 10, 4*g = 3*d - c. Suppose j + 3 = d. Calculate the remainder when j is divided by 3.
0
Calculate the remainder when (-39)/(-78) - (1 + (-977)/2) is divided by 5.
3
Suppose 3*m - 6*m = -2*o + 104, 4*m + 108 = 2*o. Let z be 338/(-18) - (-42)/(-189). Let b = o + z. What is the remainder when b is divided by 10?
7
Suppose 15 = -m + 20. Calculate the remainder when 38 is divided by m.
3
Suppose 2 = f - 7. Let m = -15 - -12. What is the remainder when m/8*-22*(-11 - -15) is divided by f?
6
Suppose 8*k - 6*k = 50. Suppose -2*c = -7*c - 4*a + 17, 0 = 3*c - 5*a - k. What is the remainder when 28 is divided by c?
3
Let i be 6960/(-56) - 2/(-7). Let c = i + 132. What is the remainder when c is divided by 2?
0
Let l(b) = 7*b + 361. Calculate the remainder when l(-51) is divided by 2.
0
Let a = -14 + 18. Suppose 27 = a*p - i, p + 13 - 4 = -5*i. Suppose 3*g + 6 = p*g. Calculate the remainder when 8 is divided by g.
0
Let x(z) = 32*z - 12. Calculate the remainder when 92 is divided by x(1).
12
Let i = -19 + 39. Suppose 0 = i*n - 13*n - 77. Calculate the remainder when n is divided by 8.
3
What is the remainder when (-6)/4*78*(-60)/54 is divided by 67?
63
Calculate the remainder when 1472 is divided by (-2)/(-6)*(0 - 7 - -40).
9
Suppose 203*g - 206*g + 96 = 0. Suppose 300 = 5*b - 10. What is the remainder when b is divided by g?
30
Let f(s) = -s**3 + 3*s**2 - 6*s - 10. Calculate the remainder when f(-3) is divided by 19.
5
Suppose 5 = -2*b + 109. Suppose 3*r - b = -r. Calculate the remainder when r is divided by ((-5)/((-45)/72))/1.
5
Suppose -14*l = -11*l - 102. What is the remainder when l is divided by 16?
2
Suppose 77*s = 69*s + 224. Calculate the remainder when 111 is divided by s.
27
Let a = 0 + 4. Calculate the remainder when 855/6 - (-2)/a is divided by 3*72/4*(-4)/(-6).
35
Suppose -23 - 53 = -2*w. Let b = -26 + w. Calculate the remainder when 40 is divided by b.
4
Let v(s) = s**2 - s - 1. Let a(p) = 5*p**2 - 5*p - 16. Suppose -d - 2*d + 18 = 0. Let y(l) = d*v(l) - a(l). What is the remainder when y(-7) is divided by 23?
20
Let v(k) = -2*k 